x*-2. Suppose -r*g + 0*g = 6. Give l(g).
-10
Let z(h) = 9*h**2 + 3*h - 12*h**2 + 8*h**2 + h**3 + 1. Determine z(-5).
-14
Let g(t) = -t**2 - 5*t + 3. Let x(r) = 4*r**3 - r**2. Let w be x(-1). What is g(w)?
3
Let w(u) = u**3 - 3*u**2 - 5*u - 6. Let z(i) = -2*i**3 + 2*i**2 + 4*i + 5. Let m(b) = 4*w(b) + 5*z(b). What is m(1)?
-7
Let z(l) = 3*l**2 - 2*l. Let t(s) be the third derivative of s**6/120 - 2*s**5/15 + s**3/3 + 27*s**2. Suppose 2*k - 32 = -2*k. Let u be t(k). Calculate z(u).
8
Let l(x) = x + 1. Let g(f) = -7*f - 2. Let o(m) = g(m) + 6*l(m). What is o(-4)?
8
Let k(s) = -s**3 + s**2 + s - 1. Suppose -29 = -4*v + 11. Suppose 5*h + 5*i + 4 = 29, 2*i = -h + v. Let j = h - -1. Give k(j).
0
Let g(y) = 2*y**2 - 2*y**2 + 3 - 2*y + 0*y + y**2. Determine g(4).
11
Let a(z) = -15*z**3 - 6*z**2 - 5*z. Let g(k) = 14*k**3 + 5*k**2 + 4*k. Let f(m) = -4*a(m) - 5*g(m). What is f(1)?
-11
Let j(o) = 6*o**2 + 2*o + 1. Let f(y) be the first derivative of -y**3/3 + y**2/2 - y - 3. Let d be f(1). Calculate j(d).
5
Let m(w) = -w**3 + 2*w**2 - 3*w. Let y = 40 + -38. Calculate m(y).
-6
Let r(q) be the third derivative of q**6/360 - q**5/24 - q**4/24 + q**3/3 - 2*q**2. Let k(u) be the first derivative of r(u). What is k(4)?
-5
Let z(v) = -v**2 + 3*v - 3. Suppose -5*g + 2*y = -28, 0*g = 2*g + 2*y. Give z(g).
-7
Let p(r) = r**2 + 4*r + 5. Suppose -2*w - 2*j - 6 = w, 2*w - 4*j + 20 = 0. What is p(w)?
5
Let z = 19 - 11. Let u = z - 14. Let d(b) = -2*b - 3. Determine d(u).
9
Let a(t) = -2*t + 3. Let u be a(4). Let q(w) = 2 - 6*w + w**3 + 6*w**2 + 4 - 2*w**2. Calculate q(u).
11
Suppose -16*d + 67 = 3. Let b(p) be the first derivative of -1 - 3/2*p**2 + 2*p. Determine b(d).
-10
Let r(x) = -x - 6. Let b(d) = -d - 13. Let c(p) = -2*b(p) + 5*r(p). Give c(-3).
5
Let l(w) = w**3 + 7*w**2 - 3*w + 1. Let i be l(-7). Let p = i - 16. Let d(n) = 0 + 3 + p*n - 5*n - 5. What is d(0)?
-2
Let b(h) = h + 4. Let z(y) be the third derivative of -y**6/120 + y**5/20 - y**4/12 + y**2. Let q be z(3). Calculate b(q).
-2
Let z = 11 + -13. Let k be (z - 1)/(0 + -1). Let v(q) = q**2 + q + 1. Determine v(k).
13
Let y = 1 + -6. Let a(h) = -h**2 - h + 6. Calculate a(y).
-14
Let a(n) = 2*n**3 + n**2 - 2*n - 1. Let f be (4 - 8/4) + -4. Determine a(f).
-9
Suppose h = -3, 3*h - 8*h - 11 = -r. Let n(t) be the second derivative of -t**5/20 - t**4/3 - t**3/3 - t**2 - 104*t. Determine n(r).
6
Suppose 26 + 2 = 7*f. Let s(j) = -j + 3. Give s(f).
-1
Let d(y) = -3*y - 5. Let l(j) = 2*j + 3. Let q(h) = 3*d(h) + 5*l(h). Calculate q(-4).
-4
Let v = -22 + 31. Let c(i) = -2*i**2 - 2 + v*i - 8*i + i**2. Calculate c(3).
-8
Let t be 2 + ((-21)/6 - -4). Let k(z) be the first derivative of -4*z + 1 + t*z**2 + 1/3*z**3. Give k(-4).
-8
Let s(o) = o**2 + 3*o - 8. Let m be s(-5). Let j(t) be the second derivative of 5/6*t**3 - 2*t**m + 0 - 1/12*t**4 - t. What is j(4)?
0
Let a(q) = 2*q**3 + 2*q**2 - q + 2. Let c be a(-2). Let f(t) = -4*t**2 + 10*t + 7. Let k(z) = z**2 - z - 1. Let g(i) = f(i) + 5*k(i). Determine g(c).
-2
Let q(f) = f**3 - 3*f**2 - 3*f - 4. Let t = 6 - 3. Determine q(t).
-13
Let i be (18/27)/((-4)/(-6)). Let a(x) = -8*x - 1. Let b(r) = -9*r - 2. Let p(o) = -3*a(o) + 2*b(o). What is p(i)?
5
Let q(w) = w + 8. Let b be q(-5). Let m(y) = 8*y - 2. Determine m(b).
22
Let x(z) = 0 - 4*z + 3*z + 2*z - 2. Suppose 3 = -5*m + 18. Let f be x(m). Let y(s) = s**2 - s. Give y(f).
0
Suppose -o = -2*q - 6*o - 4, -4*o + 1 = q. Let i(p) = -p - 11. Calculate i(q).
-4
Let q(v) = 0*v - v - 3*v - 4*v. Calculate q(2).
-16
Let b(l) be the second derivative of -l**3/6 - 2*l**2 + 2*l + 41. Determine b(-2).
-2
Let k be 7 + 0 + (-4)/2. Let b(z) = k + 0*z**3 + 0*z**3 - z - z**3 - 4*z**2. Suppose 9*i + 20 = 4*i. Calculate b(i).
9
Suppose 0 = -5*q + 5*r - 15, 3*q + 2*q - 13 = -2*r. Let v(f) = f**2 - f. Determine v(q).
0
Let g(r) = -r - 5. Let k(i) = 2*i + 9. Let f(j) = 5*g(j) + 2*k(j). Let t(u) = u - 39. Let c be t(36). Calculate f(c).
-4
Let m(u) = -6 - u**2 - 7*u + 0 + 0*u**2. Determine m(-4).
6
Let g(p) = p + 2. Let f be g(6). Let q(i) = i**3 - 7*i**2 - 8*i - 2. Calculate q(f).
-2
Let b be ((-4)/3)/((-3)/(-9)). Let l = b - -5. Let p(g) = -7*g**3 - g**2 + 1. Calculate p(l).
-7
Let n(f) = -f**3 - 5*f**2 - f + 3. Let x be n(-5). Suppose 17 = 5*g - x. Let t(m) = -5 + 5*m + g. Determine t(-1).
-5
Let m(v) = v - 7. Let r(t) = -t + 4. Let u be r(0). Suppose -2*z = -u, -9 = -2*p - 5*z + 13. Calculate m(p).
-1
Let l(c) = -c - 1. Let f = 0 + -6. What is l(f)?
5
Suppose 0 = -2*k - 3*k + 5*q - 25, 3*k = 2*q - 20. Let p be (18/(-15))/(4/k). Let m(h) be the first derivative of h**2 - 4*h + 2. Determine m(p).
2
Let d = 25 - 17. Let y(w) = -w**3 + 8*w**2 + 2. Let m be y(d). Let a(v) = -v**3 + 2*v**2 + 2*v - 3. What is a(m)?
1
Let b(y) = -4*y**2 + 2*y - 2. Suppose 4*f = 6 + 26. Suppose 4*g - 2*i = f, 0*g = -g + 3*i + 2. Determine b(g).
-14
Suppose z = -a + 4, -2*z - 3*z + 15 = 0. Let q(c) = 9*c**2 - c. Calculate q(a).
8
Let s(z) be the first derivative of z**3/3 + 2*z**2 - 4*z - 3. Let b(v) be the first derivative of s(v). Suppose 3*k = 2*k - 4. What is b(k)?
-4
Let z = -23 + 25. Let f(c) = -c + 2. Give f(z).
0
Suppose 6 = -4*j - f, -j - 2*f = -2*j + 3. Let d = j + -5. Let z(p) = -p - 6. Give z(d).
0
Let r(b) = -6*b - 6. Let j(l) = -5*l - 5. Let q(s) = -5*j(s) + 4*r(s). Calculate q(3).
4
Let p(f) be the first derivative of -f**3/3 - 3*f**2 - 5*f + 6. Let t(b) = 2*b**2 + 7*b + 6. Let x(q) = -3*p(q) - 2*t(q). What is x(-2)?
-9
Let i(p) = p**3 - 4*p**2 - 47 + 48 + 0*p**2 + p**2 - p. Determine i(3).
-2
Suppose 3*p = 2*i - 35, -3*i = p + p - 20. Let h = -14 + i. Let m(t) = -2*t - 1. Calculate m(h).
7
Let k(f) = -3*f + 7. Suppose -5*u = -2*u + 4*d + 34, 2*u + d + 21 = 0. Let o(r) = 2*r - 4. Let h(y) = u*o(y) - 6*k(y). What is h(3)?
-8
Suppose 6 = -4*l + 2*l. Let w(i) = 14*i**2 - 32*i + 6. Let b(s) = 5*s**2 - 11*s + 2. Let c(z) = -17*b(z) + 6*w(z). Give c(l).
8
Suppose 5*c + 5*s = 9 + 1, -c = -s - 8. Suppose -5*b = -4*g + 17, c*g - 3*b - 2*b = 15. Let o(t) = -5*t. Give o(g).
10
Let o(s) = 3*s**2 - 3*s - 6. Let x(w) = -4*w**2 + 3*w + 7. Let r(h) = 6*o(h) + 5*x(h). Determine r(-2).
-3
Let p = -1 - -1. Let m(j) be the second derivative of -j**3/6 + 3*j**2/2 + 7*j. Let h be m(p). Let b(k) = -3*k + 4. Calculate b(h).
-5
Let z(j) = 4*j + 2 - 3*j**2 + 2*j**2 + 2*j**2. Determine z(-5).
7
Let f be (-1 + -3)/(52/78). Let w(x) be the second derivative of -x**4/12 - 7*x**3/6 + x**2/2 + x. Calculate w(f).
7
Suppose 2*y = -3*r + 51, -3*y - 7*r + 77 = -2*r. Suppose -g = -b, 5*b + y = -2*g - g. Let q(a) = -2*a**2 - 3*a + 1. Determine q(b).
-8
Let l(w) = 16*w**3 - 5*w + 1. Let f(j) = 3*j**3 - j. Let k(o) = -11*f(o) + 2*l(o). Let r = 0 + 5. Suppose 0 = 3*y - 3*m + 6, 5 = -3*y + r*m - 1. Give k(y).
8
Suppose 4*p - 24 = p. Suppose -k = -4*c + 7, -5*k - p - 11 = -4*c. Let b(h) = h**3 + h**2. Determine b(c).
2
Let a = -56 + 55. Let c(y) = -y + 1. Let s(z) = -9*z + 3. Let j(q) = 3*c(q) - s(q). Give j(a).
-6
Let h(m) = m. Suppose 0 = -4*f - 0*f + 4. Determine h(f).
1
Let v(a) be the second derivative of -a**4/12 - 4*a**3/3 - 3*a**2/2 - 38*a. Let k be 2/(((-3)/4)/3). Give v(k).
-3
Let d(b) = b**3 - 5*b**2 + 5*b + 1. Suppose -5*u - 2*a = -16, -a + 4 = 2*u - 3. Let n be (u + -1)*(1 + 2). Suppose n*p = -2*f + 2, 2*p - 2*f - 9 = 9. Give d(p).
5
Let d(z) be the second derivative of 0 + 5*z**2 - 8*z + 2/3*z**4 + 3/2*z**3 + 1/20*z**5. What is d(-7)?
-4
Suppose 0 = -5*h - 6 + 21. Suppose -2 - 4 = -h*i. Let g(l) = -3*l + 2*l - 2*l**2 + l**2 + l**3. What is g(i)?
2
Let x(q) = q**3 + 8*q**2 + 17*q + 3. Let o(a) = -a**3 - 8*a**2 - 15*a - 3. Let n(t) = -5*o(t) - 4*x(t). Give n(-7).
3
Let h be 3/9*3*2. Suppose -2*g + h*d - 28 = 0, 0*g = 3*g + 5*d + 2. Let y = g + 14. Let r(k) = -k**3 + 6*k**2 - 4*k - 5. Determine r(y).
0
Let v(f) be the second derivative of -f**3/6 + 13*f**2/2 - 4*f. Determine v(6).
7
Let w(h) be the first derivative of 3*h**2/2 - h + 13. Calculate w(-1).
-4
Let m(l) = l + 2. Let a be (-2 + 6)*1 + -10 + 0. Calculate m(a).
-4
Let n(s) be the third derivative of s**4/24 + 5*s**3/6 - 8*s**2. What is n(-5)?
0
Let q(h) = -h**2 + 5*h - 6. Suppose 0 = -7*i + 4*i + 18. Let p = i - 2. Give q(p).
-2
Let y(u) = -4*u**2 + 9*u. Let j(c) = 3*c**2 - 8*c. Let f(w) = -6*j(w) - 5*y(w). What is f(-3